- 5. Let j(a) = n*x(a) - 6*o(a). Let w = 8 + -8. Determine j(w).
0
Let c = -74 - -66. Let s(a) = a**3 + 8*a**2 - 2*a - 11. Calculate s(c).
5
Let p be ((-18)/(-3))/2 + 0. Let y = p + -8. Let s(u) be the third derivative of u**4/8 + 2*u**3/3 + u**2. Calculate s(y).
-11
Let h(m) = -4*m - 3. Let t(g) = -9*g - 5. Let y be 19/(-3) + (-10)/15. Let w(x) = y*h(x) + 3*t(x). Determine w(-4).
2
Let x(t) = -2*t**3 + 3*t**2 - 3*t**2. Let q(v) = v - 7. Let f be q(6). Determine x(f).
2
Let d be 1/6*15/10. Let h(k) be the second derivative of -2*k + d*k**4 - k**2 + 0 - 1/3*k**3. Give h(2).
6
Let l(y) = -2*y - 6. Let n be l(-4). Let h(f) = -6*f + 3. Determine h(n).
-9
Let p = 50 + -49. Let a(k) be the second derivative of -k**5/30 - k**4/12 + k**3/6 - k**2 + k. Let d(w) be the first derivative of a(w). Give d(p).
-3
Let k(h) be the third derivative of -h**4/24 - h**2. Let j be k(-4). Let b(v) = 2*v - 1 - j - v. Calculate b(3).
-2
Let f(a) = 6*a - 5*a + 6*a - 2*a. Let v(y) = -y - 2. Let k be v(-5). Let l = k + -2. What is f(l)?
5
Let l be 4/5*(-70)/28. Suppose f + 0*f = -1. Let n be f*2 + l + -1. Let b(q) = -q**3 - 6*q**2 - 6*q - 6. Determine b(n).
-1
Let i = 74 + -50. Suppose -2*f - 3*f = -h + i, 5*h - 10 = 3*f. Let l(m) = 0*m + 4*m + 0*m. Calculate l(h).
-4
Let n(o) be the first derivative of -5*o**4/2 - 2*o**3/3 - o**2/2 + 4. Give n(-1).
9
Let x be ((-6)/9)/(4/(-126)). Let l be (-2 + 7/3)*x. Let p(k) = -k + 2. Give p(l).
-5
Let i(m) = -3*m**2 + 4*m**2 - 2*m**2. Let c be (-5)/(-2)*24/(-2). Let o be 84/c - 1/5. Give i(o).
-9
Let w = 5 + -3. Let p(x) = -2*x - 5*x**2 + 7*x**w - 3*x**2 - 3. Give p(-3).
-6
Let k(u) be the third derivative of -u**5/60 + 5*u**4/24 + u**3/3 - 2*u**2. Let h(f) = -f**3 - 13*f**2 + 14*f + 6. Let r be h(-14). Determine k(r).
-4
Suppose 5*x - 26 = w, 5*w - 60 + 16 = -4*x. Let z(s) = -1 + 7*s - 6*s + s**2 + s**3 - x*s**3. Calculate z(1).
-4
Let y(v) = v**2 - 2*v. Let x be -6*-4*(-1)/(-6). What is y(x)?
8
Let c = 14 + -8. Let m(q) = -c*q + 3*q + 3*q + 1 - 3*q. Determine m(-1).
4
Let h(t) = -t**2 + 10*t - 6. Let s be h(7). Suppose -3 + s = -4*m. Let a(c) = c - 3. Calculate a(m).
-6
Suppose 20 = -r - 4*r. Let i(q) = 2*q + q - 2*q + 2. Calculate i(r).
-2
Let v(j) be the first derivative of 10*j**3/3 + j**2/2 - j + 10. Let u(t) = -t - 6. Let h be u(-7). What is v(h)?
10
Suppose 26 = -2*b + 16. Let r(d) = d**2 + 4*d - 3. Calculate r(b).
2
Let a(r) be the second derivative of -r**4/12 - r**3/3 - 3*r**2/2 - 2*r. Let m(h) = h**3 + 7*h**2 - 8*h - 2. Let q be m(-8). Calculate a(q).
-3
Let o(l) = l + 1. Let s be (3 + -4)*-1 - 0. Let p(i) = 7*i**2 + 14*i + 14. Let q(y) = s*p(y) - 14*o(y). Calculate q(-1).
7
Let s(g) = g + 4. Let i be s(-6). Suppose 7 - 1 = 3*w. Let t(u) = u**w - 3*u + 5*u + u**2 + u**3 - 1. Give t(i).
-5
Let o be (0/(-2))/(5 - 4). Let x(c) = -2 + o*c + c - 2*c. Let q be 2/5 + 2/(-5). Give x(q).
-2
Let j(l) be the first derivative of l**3/3 + 2*l**2 - 3*l + 11. Let a = 3 + -7. Give j(a).
-3
Suppose -7*r - 7 - 7 = 0. Let m be 2 - -1 - (r - -1). Let v(h) = -3*h + 5. Give v(m).
-7
Let v(t) = t + 1. Let b be v(9). Let c = 15 - b. Let g(r) = 0*r + 0*r - 3*r + 3. Calculate g(c).
-12
Suppose 2*z + 4*o - 13 - 1 = 0, -z + 7 = o. Let b(q) = -q**3 + 7*q**2 - 3*q - 9. Determine b(z).
-30
Let c(z) = z**3 - 2*z**2 + 7*z - 3. Let g(x) = x**3 - x**2 + 7*x - 2. Let d(j) = 5*c(j) - 4*g(j). Determine d(5).
3
Let k(w) = -w**2 + 5*w + 2. Let h be k(4). Let s(l) = -4*l + 2*l + 0*l - h. Suppose 3*p - 3*n = -12, 4*p + 3*n - 2*n + 21 = 0. Determine s(p).
4
Let a(f) be the third derivative of 1/3*f**3 + 0*f + 2*f**2 - 1/12*f**4 + 0. What is a(2)?
-2
Let v(b) = -b**3 + 9*b**2 - 3*b - 1. Let p(o) = o**2 - o. Let j(h) = -5*p(h) + v(h). Determine j(4).
7
Let i = 1 + -1. Let u = -1 - i. Let m(s) = -3*s**2 - 2*s + 4. Let k(w) = -4*w**2 - 2*w + 5. Let x(j) = -5*k(j) + 6*m(j). Give x(u).
3
Suppose -4*z + 11 = -9. Let p(i) = 0 - 1 - 3*i + z*i - i. Determine p(-1).
-2
Let p(x) = -4 + 4*x + 6 - x**2 + 3 + 0*x**2. Calculate p(6).
-7
Let o(x) = x + 1. Suppose 0 = 4*z + z + 5. Let k(w) = -5*w**3 + w + 1. Let l be k(z). Calculate o(l).
6
Suppose s + 4*t = -6, -5*t + 0*t - 20 = -5*s. Let n(r) = -r - r**3 - 6*r**s + 2*r**3 + 2*r**2. Let a = 9 - 5. Calculate n(a).
-4
Let l = -11 - -15. Let b(t) = -7*t**2 + 6*t. Let g(u) = -20*u**2 + 18*u - 1. Let k(p) = -17*b(p) + 6*g(p). What is k(l)?
2
Let p(s) be the third derivative of -s**9/60480 - s**7/5040 - s**6/360 + s**5/60 + 4*s**2. Let a(r) be the third derivative of p(r). What is a(0)?
-2
Let t be 10/(-15)*6/(-4). Let b(c) = t + 2 + 0 - 2*c**2 - 2*c. Determine b(2).
-9
Let o(k) = -5*k**2 + 7*k + 10. Let b(l) = 11*l**2 - 15*l - 21. Let s(a) = 4*b(a) + 9*o(a). Determine s(6).
-12
Suppose l - 3 = -9. Let x = -7 - l. Let g(m) = -12*m - 11. Let v(n) = -8*n - 7. Let q(p) = -5*g(p) + 8*v(p). Calculate q(x).
3
Let l be 7/(-3*1/3). Let k(z) = -z**2 - 6*z + 2. Calculate k(l).
-5
Let y(j) = -j**3 + 1. Let s(z) = -4*z + 12. Let u be s(3). Give y(u).
1
Let b(o) be the third derivative of o**6/120 - o**5/60 + o**3/6 - 11*o**2. Suppose -3*f - f = -4, -4*v + 5*f + 3 = 0. Give b(v).
5
Let x(v) = v**2 + v. Let r(s) = 6*s**2 + 2*s + 2. Let b(c) = -r(c) + 5*x(c). Let w be 9/2 - (-8)/(-16). What is b(w)?
-6
Suppose -4*j + 2 = 14. Let x = j + 5. Let i(k) = 2 - x*k**2 + 3*k**3 + 2*k + 4*k**2 - 2*k**3. Determine i(-2).
-2
Suppose 6*g + 5*k - 1 = 3*g, 5*g - 3*k - 13 = 0. Let r(t) be the first derivative of g*t**2 - t - 5/3*t**3 - 2 + 1/4*t**4. Calculate r(4).
-1
Let j(r) = -3*r**2 - r - 2. Let d be 19/4 - (-1)/4. Suppose 14 = d*s + 4. What is j(s)?
-16
Let d(u) be the first derivative of u**3/3 - u + 2. Let b = 1 - -7. Let f(m) = -m**3 + 9*m**2 - 7*m - 5. Let i be f(b). Calculate d(i).
8
Let o(t) = -t**2 + t + 1. Let h(f) = -3*f**2 - f + 1. Let g(j) = -h(j) + 2*o(j). Let r(z) be the first derivative of g(z). Suppose 10 = 5*m - 5. What is r(m)?
9
Let k(h) be the first derivative of -h**4/4 + 4*h**3/3 - 2*h - 1. Let w(x) = x**2 + 6*x - 5. Let z be w(-8). Let f = z - 7. Give k(f).
-2
Let b(h) = -h**3 + 7*h**2 - 5*h - 3. Let v be b(6). Let w(c) = 12*c + 1 - 5*c - v - 6*c. Determine w(3).
1
Let r be 2/(-4)*(-6 - 0). Let t(x) be the first derivative of -3*x**2/2 + 2*x + 76. Calculate t(r).
-7
Let b = 8 - 5. Let d(r) = -2 + 1 + 5*r**b - 7*r**3 + r**2. What is d(-1)?
2
Let i(k) = -2*k + 13. Let t(g) = g - 4. Let l(b) = -3*i(b) - 8*t(b). Calculate l(-5).
3
Let c(u) = u**3 + 5*u**2 + u + 5. Let y(a) = a**3 - 6*a**2 - 7*a + 2. Let s be y(7). Suppose 7 + 3 = 3*z + 5*k, -4*z - 10 = s*k. Calculate c(z).
0
Suppose 10 = 4*l + l. Let n be (-22)/(-4) + (-2)/4. Let g(r) = r - r + n - l*r. Determine g(4).
-3
Suppose 0*j - j = -5. Let q(c) be the second derivative of c**4/12 - c**3 + c**2/2 - 16*c. Calculate q(j).
-4
Let r(w) be the third derivative of w**6/120 + w**5/20 - w**4/8 + 5*w**3/6 - w**2. Let x = 1 + 4. Suppose x*m + 28 = -4*g, 3*m + 2*g = 3*g - 10. Calculate r(m).
1
Let o(v) be the first derivative of v**2/2 + v - 1. What is o(-3)?
-2
Let f(j) be the third derivative of -j**6/120 + j**5/60 - j**4/24 - j**2. Calculate f(1).
-1
Let d(q) = 9*q + 8. Let r(i) = -4*i - 4. Let j(w) = -3*d(w) - 7*r(w). What is j(0)?
4
Let r(o) = 14*o - 58. Let t be r(4). Let h(s) = 4*s - 1. Give h(t).
-9
Suppose 6*w - 4*w + 10 = 0. Let g(f) = f**3 + 6*f**2 + 4*f - 10. Give g(w).
-5
Let j(a) = -a + 8. Let b = -6 - -6. Let y(n) = n. Let w be y(b). Determine j(w).
8
Let a be (8/(-5))/(4/(-10)). Let t(q) be the first derivative of -1 + q**2 - q + 4*q - a*q. What is t(-3)?
-7
Suppose -4*c + 19 - 3 = 2*t, 2*c = t. Let u(m) = m**2 - 4*m + 2. Calculate u(t).
2
Let c(o) = -o**2 + 5*o + 3. Suppose 0 = -4*w - 2*q + 34, -2*q + 28 = 4*w - w. Calculate c(w).
-3
Suppose 20 = 2*a - 4*i - 2, -3*a = 2*i - 9. Let m(d) = -4 - 7*d + d - 3*d**2 + 3*d**2 + d**2. Determine m(a).
-9
Let m(k) = -k**3 + 3*k**2 + 2*k - 3. Let z be m(3). Let x(v) = 1 + 0*v**2 + z*v**2 + 2*v - 4*v**2. Calculate x(3).
-2
Let r(p) = -p + 3. Let o = -13 + 19. Suppose 4 = 5*j - o. Suppose 0 = b + v - j, -2*v + 3 = -3*v. Calculate r(b).
-2
Let j(d) = d - 1. Let m(f) = f**2 - 9*f + 11. Let c(k) = -4*j(k) - m(k). What is c(5)?
-7
Let d = 18 + -14. Let m = d - 10. Let f(o) = -o**2 - 7*o - 1. Determine f(m).
5
Let z(c) = 1 - 7*c**2 + 0*c**2 - 